m(j) = -j**3 + 10*j**2 + 9*j + 12. Let i be 1*(-77)/((-28)/4). Determine m(i).
-10
Let f = 54 - 35. Let s = f - 26. Let c(b) = b + 2. Determine c(s).
-5
Let x(p) be the first derivative of p**4/4 + 3*p**3 + 2*p - 532. Calculate x(-8).
66
Suppose w - 20 = -z, -92 = -4*w - 2*z + z. Let l(m) = m - 5*m**2 + m**3 - 49 + w + 24. What is l(5)?
4
Let x = 56 + -20. Let z = 43 - x. Let q(r) = -r + 4. Determine q(z).
-3
Suppose 5*g = 22 + 13. Let t(a) = -7*a**2 - 27*a + 29. Let j(o) = 3*o**2 + 13*o - 14. Let k(q) = -9*j(q) - 4*t(q). Give k(g).
-4
Let f(c) = 18*c + 19. Let a(u) = 9*u + 9. Suppose 0 = -2*v - 12 - 14. Let n(t) = v*a(t) + 6*f(t). Give n(-2).
15
Let q(j) = -97 + 286 - 94 + 10*j - 90. Calculate q(-5).
-45
Let q(m) = -m - 9. Suppose 0 = -6*r + 43 + 65. Let x = r + -22. Give q(x).
-5
Suppose 2*x + 16 = -4*l, 0*x + 5*l = -2*x - 21. Let u(i) be the third derivative of 0 - 33*i**2 + 1/3*i**4 - 1/2*i**3 + 0*i. Calculate u(x).
13
Let y(w) = -2*w**2 + 2*w - 2. Let m(k) = -2*k**2 + 4*k - 1. Let r(x) = -2*m(x) + 3*y(x). Calculate r(0).
-4
Let p(m) = -m**2 - 8*m + 16. Let l be p(-8). Suppose -v = -3*r + 11, -r + l = -v + 3*r. Let c(n) = -n + 2. Determine c(v).
-2
Let g(x) be the first derivative of -x**3/3 + x**2/2 - 11*x + 71. What is g(0)?
-11
Let x(n) = 17*n - 1. Let w(p) = -9*p. Let q be (-41)/82 - (-11)/(-2). Suppose 2*i - 3*b + 4 = -33, -b - 6 = i. Let u(h) = i*w(h) + q*x(h). Give u(5).
-9
Let z(n) = 2*n - 19. Let x be z(11). Suppose -9 = -g - 2*d, 30 = 5*g + 2*d + 3*d. Let q(h) = -x*h - 4*h - g - 1 + 5. What is q(1)?
-6
Suppose -15 = -3*m, 2*d + 2*m - 5 = 5. Let a be (-6)/24*(-8 - d). Let s(o) = -o**3 + o**2 + 2*o. Give s(a).
0
Let d be 4/(-12) - (-1)/3. Suppose 3*q + 7*q + 10 = d. Let n(i) = -10*i**3 - i**2 - i. What is n(q)?
10
Let n = -1362 + 1364. Let i(o) = -o**3 - o**2 + o - 1. Calculate i(n).
-11
Let b(i) = -i + 6. Let c be b(3). Suppose -c*a = 12, 0 = 3*j - j - 5*a - 24. Let z(n) = 7*n**j - 6*n + 7*n + 3*n**2. Calculate z(-1).
9
Let r be 112/5 - 10/25. Let w = r - 28. Let t(g) = -g**2 - 10*g - 9. Give t(w).
15
Let o(v) = 6 + 2*v**3 + v**2 - v**3 - 2*v**2 - 17*v - 10*v**2 + 5*v. Determine o(12).
6
Let i(s) be the second derivative of -s**3/3 - 9*s**2 + 2*s - 13. What is i(-15)?
12
Let p(m) = 7*m - 3. Let j be p(1). Let v(h) = j + 0 + 2*h - 1 - h. Let o(x) = -3*x**2 - x - 1. Let g be o(-1). Determine v(g).
0
Let y(f) = -3*f - 2. Let a(o) = 2*o - 18. Let v be a(16). Suppose 6 - v = -4*c. Determine y(c).
-8
Suppose 22*t = 9*t + 884. Let i(v) = -v + 0*v - 66 + t. Determine i(3).
-1
Let t(w) = 3*w**3 + 4*w**2 - w - 16. Let q(r) = -r**3 - 4*r**2. Let u(a) = 4*q(a) + t(a). Give u(-12).
-4
Let t(a) = a**3 - a**2 + 5. Let y be t(0). Let s(f) be the third derivative of 1/6*f**3 + 2*f**2 + 1/6*f**4 + 0*f + 0 + 1/12*f**y + 1/120*f**6. Determine s(-4).
1
Suppose 32*a - 22*a = -20. Let s(u) = u**3 + 2*u**2 + 4*u + 3. What is s(a)?
-5
Let b(r) = -4*r - 26*r**2 - 6*r**3 - 9*r**3 + 2 + 16*r**3 + 25*r**2. Determine b(2).
-2
Suppose 3*c = 2*c. Let t = c - 0. Let h(l) be the second derivative of l**5/20 - l**3/6 - 5*l**2 - 10*l. Determine h(t).
-10
Let q(m) be the third derivative of -1/6*m**4 + 0*m - 1/3*m**3 + 4*m**2 + 0. Determine q(-2).
6
Let i(a) = 18*a**2 - 7 - 19*a**2 + a - 16*a. Give i(-14).
7
Let l(i) be the first derivative of -i**4/4 + i**3 + 2*i**2 + 5*i + 449. Give l(-2).
17
Let s = 14 + -8. Let k(d) = -7*d**2 + 42*d + 2. Let z be k(s). Let h(q) = -3*q + 1. Calculate h(z).
-5
Let u(m) be the first derivative of -m**2/2 + 27. Let o(j) = 4*j - 8. Let t(v) = -o(v) - 3*u(v). Give t(-8).
16
Let w(k) = -k - 19. Let a = -489 + 470. What is w(a)?
0
Let d(y) = -3*y - 2*y + 5*y**3 - 10*y + 2*y**2 + 7*y - 2 + 7*y. Give d(-2).
-32
Suppose -48 = -58*w + 50*w. Let u be 6/(-9) - (-5)/3. Let s(r) = -r**3 - u + 1 - 6*r + 7*r**2 - 3 + 6. Calculate s(w).
3
Let u(t) = t**2 - t - 1. Let i(w) be the first derivative of -w**3/3 + 3*w**2/2 + 4*w + 7. Let h(r) = -i(r) - 5*u(r). Suppose -2*x - 6 = -5*x. Determine h(x).
-11
Suppose -2*j - 4 = -4*l, 0*j + 8 = 4*j - 4*l. Suppose 0 = -j*v - 1 + 7. Let z(a) = 20*a**2 - 1. What is z(v)?
19
Let j(g) = g + 2. Let p be 6*((-1)/2)/(14 + -13). Let q(n) = 3*n - 2. Let u be q(-3). Let m be p + (-2 - u) - 1. Calculate j(m).
7
Suppose 31*t - 5*t - 52 = 0. Let x(j) be the first derivative of 3 - 1/2*j**t + 6*j. Give x(7).
-1
Let w = -168 + 171. Suppose y + 2*p + 22 = -3*y, -5*y = -w*p + 44. Let l(t) = t**3 + 7*t**2 - 8. Give l(y).
-8
Suppose 0 = 4*f - 3*f + 9. Let w(u) = -12 + 29*u - u**3 - 10*u**2 - 46*u + 6*u. Give w(f).
6
Let o(v) = v**3 - 9*v**2 + 2*v - 22. Let q = 300 - 291. What is o(q)?
-4
Suppose 0 = 7*o - 9*o + 10. Let h(y) = -1 - 5*y**3 + y**3 + o*y**3. Suppose -2*b - 1 = -3. Calculate h(b).
0
Let r(i) = -8*i - 1. Let k(o) = 2*o + 5. Let z(j) = 2*j + 4. Let h(s) = -5*k(s) + 6*z(s). Suppose 3*y - 15 = -0*y, d = 3*y - 14. Let p be h(d). What is r(p)?
-9
Suppose -3*s = 2*q + 111 + 82, 2*s - 492 = 5*q. Let a = 97 + q. Let p(y) = y**3 + 2*y**2 + 2*y + 1. Calculate p(a).
0
Let r = 24 + -14. Let t(z) = z**2 - 10*z + 6. Let l be t(r). Let y(h) = 94*h + 0 + 4 - 93*h. Give y(l).
10
Let c(l) = -3*l + 77. Let u be c(25). Suppose 3*a = u*a. Let m(v) = -v + 11. Give m(a).
11
Suppose -4*x = 5*c - 8, 9 = -3*x + 3*c - 12. Let i(m) = 3*m + 1. Determine i(x).
-8
Let v(l) = -l**3 - 15*l**2 - 20*l - 81. Let t be v(-14). Let p(o) = 3*o - 13. Calculate p(t).
-4
Let d(p) = -p**3 - 7*p + 9*p**2 - 1 - 2 + 5. Let t be d(8). Suppose -t = -c - c. Let z(u) = -u + 7. Determine z(c).
2
Let q(w) = -w - 11. Let y = 81 + -174. Let p = -98 - y. Give q(p).
-6
Let z(p) = -p**2 - 3*p + 1. Let j be (0 + 2/6)*6. Suppose -3*g = 3*n - 6, 2*g = -15 + 5. Let o(q) = 3*q**2 + 9*q - 3. Let m(f) = j*o(f) + n*z(f). Give m(-5).
-9
Let f(s) be the third derivative of 14*s**2 + 0*s - 1/30*s**5 + 7/24*s**4 + 0 + 1/3*s**3. What is f(5)?
-13
Let s = -10 - -37. Suppose m + 6*b + 22 = 8*b, 3*m + 74 = -2*b. Let p = m + s. Let q(r) = r**3 - 4*r**2 + 3*r - 3. Give q(p).
-3
Let g(n) = n**2 - 9*n + 7. Let t = -386 - -393. What is g(t)?
-7
Let f(d) = -539 + 539 - 10*d**2 - d. Calculate f(-1).
-9
Let c(w) = w**2 - 13*w + 7. Let d(b) = 2*b**2 + 134*b - 124. Let g be d(-68). What is c(g)?
-5
Let i = -11 + 14. Let s be i/(-5) - 65/(-25). Suppose s*f - 2 = -6. Let z(t) = -2*t. Give z(f).
4
Suppose o + 5*d + 4 = -3, -o + d = -5. Suppose m - 2*a - 12 = 0, 0 = -3*m + o*a - 6*a + 9. Suppose -15 = 7*v + m. Let q(i) = -2*i - 2. What is q(v)?
4
Let v(l) = l - 5. Let w be v(4). Let o(j) = 11*j**3 + 30*j**2 - j. Let z(m) = 33*m**3 + 87*m**2 - 3*m. Let b(p) = 29*o(p) - 10*z(p). Give b(w).
10
Let w(f) = -f - 8. Let p be (2*-2)/((-68)/60 - -1). Suppose 6*g + 35 = g + m, -5*g - p = -2*m. Calculate w(g).
0
Let w(y) = -3 - 5 + y + 3. Let j(r) = -2*r + 7. Let d(s) = -5*j(s) - 8*w(s). Let z be -2*(-14)/49 - 234/42. What is d(z)?
-5
Let q(x) = -x + 1. Let a(n) = 3*n - 3. Let r(c) = -3*a(c) - 8*q(c). Let k = -2 - 3. Give r(k).
6
Suppose -46 = -4*t - 22. Let p(k) = k**3 - 6*k**2 - k + 7. What is p(t)?
1
Let d(w) = w + 8*w**2 + 8*w**3 - 6*w**2 + 0*w**2 - 6*w**3. Determine d(-2).
-10
Suppose 5*p = 8*p - 12. Let y(w) = w**2 - 10*w + 1. Give y(p).
-23
Let p(a) = -3*a**2 + 12*a - 11. Let i(m) = 16*m**2 - 61*m + 56. Let l(f) = -2*i(f) - 11*p(f). Suppose 23*n - 56 - 105 = 0. Determine l(n).
-12
Let r(f) = -3. Let c(x) = -x - 12. Let w(y) = -c(y) + 3*r(y). Let m(q) = -2*q + 9. Let g be m(7). Determine w(g).
-2
Let s(j) = j**2 - 2*j + 1. Let m = 16 - 20. Let p be (48/64)/((-1)/m). Give s(p).
4
Let g be (-9)/((-270)/(-24))*5/(-1). Let t(d) = d**3 - 7*d**2 - d + 7. Let c be t(7). Let s(h) = -h + g + c - h. What is s(3)?
-2
Let v = 3 + -8. Let w(d) = -2*d**3 - 11*d**2 + 9*d - 6. Let s(r) = -r**3 - 6*r**2 + 5*r - 3. Let t(j) = v*s(j) + 3*w(j). Give t(-4).
5
Let m(c) be the first derivative of -3*c**2/2 + 5*c + 7. Let u be m(2). Let k(i) = 15*i**3 + i**2. Determine k(u).
-14
Let k(u) = -78*u + 1. Let s(f) = -58*f + 2. Let h(a) = 3*k(a) - 4*s(a). Suppose -v + 0*v - 4 = 0. Give h(v).
3
Let v(f) = f**2 + 8*f + 5. Suppose -4*h - w + 5 = 25, 18 = -5*h - 3*w. What is v(h)?
-7
Let z(y) = -2*y - 8. Suppose 17*o - 13*o = -28. Determine z(o).
6
Let t be 2*(-1)/8 - 21/(-4). Let a be (-5)/(4/(t + -1))*-1. Let w(v) be the second derivati